
-19
Let u(s) = s - 15. Give u(8).
-7
Let w(u) = -41*u - 11. Give w(-2).
71
Let m(r) = -2*r**2 - 32*r + 112. What is m(-19)?
-2
Let f(p) = 2*p**2 - 23*p + 19. Give f(10).
-11
Let v(f) = f**2 - 21*f - 20. Calculate v(20).
-40
Let w(y) = -y**2 + 33*y - 180. Calculate w(26).
2
Let o(f) = -11*f - 49. What is o(-5)?
6
Let n(h) = 7*h**3 + 2*h**2 + 2*h + 1. Determine n(-1).
-6
Let n(f) = -f**3 - 4*f**2 - f - 5. What is n(-4)?
-1
Let r(g) = 3*g**2 + 4*g - 5. Give r(4).
59
Let d(i) = i**3 - 9*i**2 - 6*i + 41. Give d(9).
-13
Let c(s) = -2*s**3 + 6*s**2 + 4*s. Give c(3).
12
Let u(d) = -23*d + 59. What is u(0)?
59
Let z(v) = -6*v**2 - v + 1. What is z(-2)?
-21
Let a(u) = 7*u**3 + u**2 - 2*u + 1. Give a(1).
7
Let o(l) = -3*l + 7. Determine o(8).
-17
Let s(o) = -3*o - 29. Calculate s(-9).
-2
Let y(n) = n**3 - 7*n**2 - 4*n + 3. Calculate y(7).
-25
Let u(l) = -8*l**3 + 48*l**2 - l + 13. Give u(6).
7
Let m(u) = -4*u + 21. Give m(4).
5
Let p(i) = -i**2 - 13*i + 17. What is p(-14)?
3
Let t(q) = q**2 + 3*q + 11. Calculate t(-3).
11
Let q(w) = -w**3 - 2*w**2 + 10*w + 17. Calculate q(-5).
42
Let g(x) = -7*x + 143. Determine g(20).
3
Let u(m) = 9*m - 2. Give u(2).
16
Let n(g) = -g - 48. Calculate n(-16).
-32
Let x(d) = 3*d**2 + 43*d - 33. Determine x(-15).
-3
Let z(v) = 7*v + 167. Calculate z(-23).
6
Let f(r) = -15*r + 2. What is f(-1)?
17
Let t(x) = -5*x + 5. Calculate t(6).
-25
Let v(s) = -2*s**2 + 44*s + 31. What is v(23)?
-15
Let y(k) = -12*k - 13. Calculate y(-3).
23
Let y(s) = -s**2 - 3*s + 79. Determine y(7).
9
Let b(k) = -16*k + 98. Determine b(7).
-14
Let j(x) = 2*x**2 + 28*x + 1. What is j(-14)?
1
Let o(q) = q**3 + 4*q**2 + 4*q + 1. Determine o(-3).
-2
Let s(v) = -2*v**3 - 4*v**2 - 4*v. Give s(-3).
30
Let f(o) = o**2 + 7*o + 3. Determine f(-6).
-3
Let v(y) = -y**3 + 14*y**2 - 34*y + 2. What is v(11)?
-9
Let f(u) = -u**2 - 15*u + 36. Give f(-15).
36
Let q(h) = -h**3 - 34*h**2 - 34*h - 46. Give q(-33).
-13
Let a(o) = -o**3 + 4*o**2 + 2*o - 6. What is a(4)?
2
Let j(o) = o**3 - o**2 - o + 1. Give j(0).
1
Let m(x) = x**2 + x - 20. Calculate m(0).
-20
Let g(y) = y**3 + 17*y**2 - 19*y - 16. What is g(-18)?
2
Let c(u) = -4*u - 53. Give c(-15).
7
Let w(p) = p**2 - 18*p + 36. Calculate w(16).
4
Let x(b) = b + 7. Determine x(8).
15
Let q(a) = a**3 + 8*a**2 - 3*a - 6. Give q(-8).
18
Let n(w) = 20*w - 65. Determine n(14).
215
Let t(x) = -x**3 + 27*x**2 - 70*x - 54. Calculate t(24).
-6
Let b(m) = m**2 + 7*m - 30. Determine b(-10).
0
Let o(k) = -k + 4. Determine o(-2).
6
Let m(w) = -w - 44. What is m(-8)?
-36
Let w(b) = -b**3 + 11*b**2 - 9*b - 10. What is w(10)?
0
Let b(q) = -2*q - 26. Calculate b(-8).
-10
Let z(k) = 4*k**2 - 98*k + 264. Give z(3).
6
Let j(d) = -10*d + 27. Give j(4).
-13
Let z(c) = c**3 + 29*c**2 - 57*c + 129. What is z(-31)?
-26
Let g(n) = -8*n + 7. Determine g(6).
-41
Let m(n) = -3*n**2 + 8*n + 29. Give m(5).
-6
Let q(k) = -2*k**2 - 39*k - 183. Determine q(-7).
-8
Let t(q) = 14*q**3 + q**2 - 3*q + 5. Calculate t(2).
115
Let o(c) = -c**3 + 5*c**2 + 4*c + 10. What is o(6)?
-2
Let w(l) = -13*l**2 + 1. Calculate w(1).
-12
Let t(p) = -7*p - 2. Calculate t(-4).
26
Let b(t) = t - 3. Give b(12).
9
Let x(u) = 42*u + 2. Determine x(-1).
-40
Let b(f) = -9*f + 49. What is b(5)?
4
Let c(t) = -2*t + 27. Calculate c(18).
-9
Let v(f) = 40*f - 204. What is v(5)?
-4
Let j(o) = -o**2 - 44*o - 169. What is j(-40)?
-9
Let f(j) = -j**3 + 11*j**2 - 9*j - 7. Give f(10).
3
Let n(o) = -3*o**2 + 50*o + 25. Give n(17).
8
Let s(g) = g - 3. Calculate s(-7).
-10
Let i(k) = -k**2 + 30. Determine i(6).
-6
Let s(k) = -17*k + 16. What is s(3)?
-35
Let h(b) = -b**3 - 3*b + 9. Give h(0).
9
Let j(n) = -n**2 + 12*n - 38. Calculate j(7).
-3
Let w(f) = 2*f + 37. Determine w(-18).
1
Let s(t) = -15*t - 267. Determine s(-18).
3
Let l(a) = -a**2 - 6*a + 12. Determine l(-10).
-28
Let u(k) = -3*k**2 - 18*k - 17. Give u(-1).
-2
Let c(i) = 6*i**2 + 10*i - 10. Determine c(-3).
14
Let m(k) = -k**2 - 19*k + 93. Calculate m(-23).
1
Let x(i) = i**3 - 16*i**2 - 15*i - 20. Calculate x(17).
14
Let d(j) = -11*j + 73. What is d(11)?
-48
Let s(v) = 3*v + 5. What is s(-3)?
-4
Let n(c) = -c**2 + 16*c - 1. Determine n(16).
-1
Let o(g) = 8*g + 49. Determine o(-6).
1
Let g(p) = 3*p - 30. Determine g(14).
12
Let o(v) = -v**3 - 9*v**2 - v - 3. Calculate o(-9).
6
Let a(k) = 7*k + 195. Determine a(-27).
6
Let s(m) = -31*m**2 - 3*m - 2. What is s(-1)?
-30
Let s(i) = 6*i - 11. Give s(1).
-5
Let f(a) = 2*a**3 + 42*a**2 - 2*a - 43. Determine f(-21).
-1
Let d(p) = -p**2 - 27*p - 186. Give d(-12).
-6
Let d(n) = 4*n**2 - 140*n + 29. Give d(35).
29
Let z(o) = 38*o - 646. What is z(17)?
0
Let y(r) = -8*r**2. Give y(-1).
-8
Let l(p) = p + 10. Calculate l(0).
10
Let f(k) = -2*k - 3. Calculate f(-1).
-1
Let n(p) = 2*p**3 + 4*p**2 + 3*p - 1. Calculate n(-2).
-7
Let t(i) = -12*i - 75. What is t(-11)?
57
Let x(c) = -c**3 - 11*c**2 - 34. Give x(-10).
-134
Let b(x) = x**3 + 36*x**2 - 38*x - 78. What is b(-37)?
-41
Let o(j) = -175*j + 1040. Calculate o(6).
-10
Let g(z) = z**3 - z**2 - z - 5. Give g(0).
-5
Let k(i) = -15*i**2 - 238*i + 36. What is k(-16)?
4
Let a(f) = f**3 + 7*f**2 + 12*f + 1. Calculate a(-5).
-9
Let i(o) = -5*o - 8. Determine i(6).
-38
Let r(f) = -3*f + 67. Give r(8).
43
Let q(m) = 2*m + 11. Calculate q(-5).
1
Let i(r) = 5*r - 7. Calculate i(0).
-7
Let p(o) = -3*o + 22. Calculate p(8).
-2
Let y(g) = -3*g**3 + 2*g + 2. Determine y(-2).
22
Let y(m) = -m**2 + 9*m - 13. Give y(6).
5
Let o(w) = w**3 - 10*w**2 + 9*w - 6. Give o(9).
-6
Let f(a) = 2*a - 13. Determine f(13).
13
Let d(m) = m**3 - 9*m**2 + 7*m + 10. What is d(8)?
2
Let y(o) = -2*o + 48. Calculate y(-5).
58
Let o(c) = 8*c + 153. Give o(-20).
-7
Let g(s) = s**3 - 16*s**2 - 53*s - 76. Determine g(19).
0
Let x(j) = -j**3 + 4*j**2 - 12*j - 1. Give x(3).
-28
Let l(g) = -g**2 + 16*g + 29. Give l(15).
44
Let x(a) = 2*a - 16. What is x(9)?
2
Let k(w) = 44*w. Give k(-2).
-88
Let b(n) = 5*n. Give b(-4).
-20
Let l(d) = 30*d**2 - 5*d + 5. Give l(2).
115
Let c(q) = -16*q**3 - 2*q**2 + 4*q - 11. Calculate c(2).
-139
Let c(v) = v**3 - 2. Calculate c(-2).
-10
Let t(l) = l**2 - 2*l - 18. Determine t(-5).
17
Let v(x) = 2*x**2 + 4*x - 5. What is v(2)?
11
Let o(s) = -s**2 + 8*s - 5. What is o(6)?
7
Let r(q) = 17*q + 129. Calculate r(-6).
27
Let y(k) = k**2 + 12*k - 6. What is y(-8)?
-38
Let c(q) = 10*q**2 - 104*q + 35. Give c(10).
-5
Let m(u) = -3*u + 58. Determine m(18).
4
Let l(o) = o**2 + o - 4. What is l(-5)?
16
Let b(q) = -q**3 - 28*q**2 - 91*q + 127. Calculate b(-24).
7
Let a(y) = 2*y**3 - 3*y**2 + y. Determine a(2).
6
Let u(l) = l**2 + 4*l - 2. Give u(-3).
-5
Let g(y) = 4*y + 4. What is g(-2)?
-4
Let m(x) = -x**3 - 11*x**2 - 19*x - 13. Determine m(-9).
-4
Let j(w) = -5*w - 24. What is j(-8)?
16
Let p(b) = 7*b - 10. What is p(6)?
32
Let t(k) = k**3 - 23*k**2 - k - 46. Determine t(23).
-69
Let o(k) = 6*k**2 + 138*k + 9. Calculate o(-23).
9
Let g(x) = -x**3 - x**2 + 9*x + 32. Give g(-5).
87
Let c(y) = -55*y + 106. Determine c(3).
-59
Let g(c) = c**2 - 2*c + 2. Calculate g(4).
10
Let x(a) = a**3 - 5*a**2 + 6*a - 9. Calculate x(6).
63
Let r(a) = 42*a**3 + 2*a**2 - a - 1. Give r(1).
42
Let j(x) = -x**3 - 5*x**2 - 4*x + 3. Give j(-5).
23
Let h(v) = -2*v + 38. What is h(-7)?
52
Let q(d) = d**3 + 6*d**2 - 2*d - 43. Calculate q(-5).
-8
Let r(n) = -11*n + 282. Calculate r(25).
7
Let w(u) = -2*u**3 - 66*u**2 - u - 26. Determine w(-33).
7
Let o(p) = -4*p**2 + 65*p - 23. What is o(16)?
-7
Let r(i) = 14*i - 38. Give r(3).
4
Let a(f) = f - 3. Determine a(-7).
-10
Let j(q) = -q**3 + 11*q - 4. What is j(-4)?
16
Let a(c) = c**2 - 7*c - 2. What is a(5)?
-12
Let q(v) = -55*v + 81. What is q(3)?
-84
Let f(n) = -4*n - 4. Determine f(2).
-12
Let s(l) = -2*l**2 - 14*l - 1. Calculate s(-7).
-1
Let p(l) = l**3 - 2. Give p(-2).
-10
Let w(z) = -z**2 + 10*z - 8. What is w(8)?
8
Let s(j) = -127*j + 1386. Determine s(11).
-11
Let d(l) = -18*l + 27. What is d(3)?
-27
Let o(l) = 6*l**2 + l. What is o(1)?
7
Let o(a) = -10*a + 17. Determine o(3).
-13
Let k(d) = -d**3 + 4*d**2 - 7*d + 10. Give k(4).
-18
Let z(k) = 15*k + 58. What is z(-4)?
-2
Let l(h) = 4*h**2 - 15*h - 45. What is l(6)?
9
Let y(f) = f**3 + 2*f**2 + 2*f + 3. What is y(0)?
3
Let r(x) = x**3 - 7*x**2 + 5*x + 7. Determine r(6).
1
Let u(a) = 15*a**